723814269?
True
Is 25 a factor of 615680350?
True
Does 68 divide 32172092?
True
Does 1063 divide 95214938?
False
Does 1731 divide 401271765?
True
Is 75 a factor of 539333850?
True
Does 2458 divide 1998175461?
False
Is 175 a factor of 154791875?
True
Is 2213366 a multiple of 178?
False
Does 922 divide 25046130?
True
Is 759 a factor of 18577100?
False
Is 163500 a multiple of 109?
True
Is 63781176 a multiple of 34?
False
Is 373 a factor of 35502636?
False
Is 747809636 a multiple of 28?
True
Is 68802706 a multiple of 947?
False
Does 11 divide 151605883?
True
Is 2156 a factor of 129094812?
True
Does 722 divide 8858218?
True
Does 13 divide 114181808?
True
Is 1424257824 a multiple of 51?
True
Is 917347320 a multiple of 72?
True
Is 3111 a factor of 1061407033?
False
Is 236781348 a multiple of 6?
True
Does 351 divide 137427320?
False
Is 8681667 a multiple of 2?
False
Does 30 divide 3023560308?
False
Is 191 a factor of 183398422?
False
Is 6026622 even?
True
Does 115 divide 572556995?
False
Does 828 divide 97888832?
False
Is 726 a factor of 12291906?
True
Is 27879566 a multiple of 143?
True
Is 1029 a factor of 148689471?
True
Is 590610329 a multiple of 7296?
False
Is 1987 a factor of 1878871434?
True
Is 112 a factor of 306545344?
True
Is 481239936 a multiple of 1152?
True
Is 1165 a factor of 3793975?
False
Is 159849015 a multiple of 353?
False
Is 81 a factor of 27117585?
True
Is 12 a factor of 5550683263?
False
Is 1105 a factor of 60222115?
False
Does 6 divide 91241184?
True
Does 10 divide 67489389?
False
Does 1454 divide 53710760?
True
Is 33266624 a multiple of 64?
True
Is 63 a factor of 224548758?
True
Does 666 divide 1188330480?
True
Is 13 a factor of 2469102740?
True
Does 1859 divide 38724829?
True
Is 269 a factor of 777964678?
True
Is 179460652 a multiple of 1526?
True
Is 7684663 a multiple of 114?
False
Is 334 a factor of 15573654?
False
Is 419272780 a multiple of 3297?
False
Does 9 divide 141820101?
True
Does 338 divide 583866694?
False
Is 761 a factor of 46580810?
True
Is 46 a factor of 522932720?
False
Is 1818569 a multiple of 10?
False
Is 3272 a factor of 35759688?
True
Does 103 divide 23329109?
False
Does 232 divide 7810333?
False
Does 302 divide 16573156?
True
Is 1742 a factor of 1042320474?
True
Does 1033 divide 275998213?
False
Is 896 a factor of 259232512?
True
Does 325 divide 9583925?
True
Does 73 divide 113512124?
False
Does 1428 divide 3392214569?
False
Is 262 a factor of 145102815?
False
Is 20 a factor of 129222322?
False
Does 220 divide 592162780?
True
Is 3856023568 a multiple of 924?
False
Is 4370 a factor of 148317766?
False
Does 9 divide 83683431?
True
Is 138 a factor of 217706730?
True
Is 100258014 a multiple of 6?
True
Is 79035665 a multiple of 755?
True
Does 34 divide 3171350?
True
Does 868 divide 1020180103?
False
Does 183 divide 29224185?
True
Does 48 divide 22041552?
True
Is 4985544296 a multiple of 164?
False
Is 13 a factor of 1554293?
True
Is 6153660 a multiple of 204?
True
Is 39 a factor of 12164763?
True
Is 8007361 a multiple of 2?
False
Is 23 a factor of 50643976?
True
Does 382 divide 4903769?
False
Is 2045146308 a multiple of 34?
True
Is 11 a factor of 1361603?
False
Is 12 a factor of 7072992?
True
Is 207017143 a multiple of 16?
False
Is 758372362 a multiple of 1001?
False
Is 117 a factor of 108109724?
False
Does 2583 divide 155398446?
True
Is 44 a factor of 2672295917?
False
Is 234 a factor of 8313786?
True
Is 1809454 a multiple of 99?
False
Does 41 divide 1486759729?
False
Does 495 divide 33856515?
True
Does 177 divide 47804691?
True
Does 36 divide 31913748?
True
Is 85 a factor of 97341065?
True
Is 656 a factor of 600950716?
False
Does 124 divide 406959320?
True
Is 27 a factor of 118342983?
False
Is 726 a factor of 6180078923?
False
Does 33 divide 49156767?
True
Is 2463586 a multiple of 73?
False
Is 4 a factor of 235759912?
True
Is 1253 a factor of 39328301?
False
Is 468947232 a multiple of 8?
True
Is 136753340 a multiple of 20?
True
Does 26 divide 20731464?
True
Is 2166950984 a multiple of 787?
True
Is 2150 a factor of 68100427?
False
Does 625 divide 719456875?
True
Is 5 a factor of 480780072?
False
Does 5276 divide 7182642284?
False
Is 41 a factor of 2496030708?
False
Is 40723266 a multiple of 196?
False
Does 26 divide 160308538?
True
Is 2988 a factor of 17727406?
False
Does 42 divide 556945914?
True
Does 334 divide 39058232?
False
Is 659 a factor of 21974355?
True
Is 121008676 a multiple of 231?
False
Does 464 divide 2963428800?
True
Does 846 divide 1902442486?
False
Does 6170 divide 12237325?
False
Is 171 a factor of 1373155?
False
Is 197 a factor of 74425283?
False
Is 552 a factor of 44194243?
False
Is 12235104 a multiple of 784?
True
Is 6303 a factor of 1017449169?
True
Does 25 divide 29090600?
True
Is 21 a factor of 45916920?
True
Does 97 divide 4132588?
True
Does 459 divide 19290290?
False
Is 339 a factor of 1392522261?
False
Is 15 a factor of 1583459715?
True
Does 4 divide 72186129?
False
Is 9 a factor of 15566224?
False
Does 7 divide 546340978?
False
Is 25 a factor of 46118629?
False
Is 15653694 even?
True
Is 32785575 a multiple of 46?
False
Is 265702920 a multiple of 1442?
True
Does 120 divide 3584880?
True
Is 26 a factor of 5053992068?
False
Does 4 divide 5456988?
True
Does 2880 divide 427931510?
False
Is 404603730 a multiple of 846?
True
Is 2113 a factor of 1233584337?
False
Is 18 a factor of 38133276?
False
Is 2372 a factor of 512029408?
True
Is 15850064 a multiple of 163?
False
Is 488 a factor of 6451360?
True
Is 191 a factor of 522092961?
True
Is 203 a factor of 92949219?
False
Is 141781 a multiple of 69?
False
Is 9895740 a multiple of 1310?
True
Does 9 divide 181140037?
False
Does 634 divide 2286171788?
False
Does 123 divide 18758054?
False
Is 282 a factor of 251429790?
True
Is 163351045 a multiple of 17?
True
Is 3874897114 a multiple of 1084?
False
Is 128 a factor of 497152?
True
Does 669 divide 6852170556?
False
Is 1425141933 a multiple of 1949?
True
Is 17376536 a multiple of 15?
False
Does 9 divide 272114116?
False
Is 203917157 a multiple of 4?
False
Is 13896630 a multiple of 589?
False
Is 49526833 a multiple of 952?
False
Is 523917761 a multiple of 188?
False
Is 1649689174 a multiple of 28?
False
Is 2 a factor of 2978448?
True
Does 49 divide 110916548?
False
Is 1108213491 a multiple of 1293?
True
Is 147 a factor of 21190932?
True
Is 306155593 a multiple of 8431?
False
Is 14755055 a multiple of 484?
False
Is 3214417545 a multiple of 255?
True
Does 258 divide 3585572802?
True
Is 89 a factor of 2509978?
True
Does 46 divide 156239368?
True
Is 1315 a factor of 4399470118?
False
Is 19703096 a multiple of 56?
True
Is 14 a factor of 10734192?
True
Is 18 a factor of 3195018?
True
Is 189166827 a multiple of 3307?
False
Is 1269315616 a multiple of 3422?
True
Is 27594648 a multiple of 1548?
True
Does 5893 divide 368813405?
True
Is 31111677 a multiple of 751?
True
Is 13456510 a multiple of 7?
False
Is 83 a factor of 43585886?
False
Does 1412 divide 638567116?
True
Does 33 divide 142478295?
False
Does 565 divide 563479179?
False
Is 105532182 a multiple of 42?
True
Does 1783 divide 1686718?
True
Is 96981368 a multiple of 8?
True
Is 41 a factor of 808579994?
False
Does 526 divide 184313556?
True
Does 4218 divide 925188774?
True
Is 20 a factor of 678705346?
False
Is 52475830 a multiple of 7?
False
Is 25440745 a multiple of 3?
False
Does 10 divide 132770035?
False
Does 71 divide 39079323?
True
Is 36 a factor of 7254144?
True
Is 5999006 a multiple of 1201?
False
Does 32 divide 169068800?
True
Does 99 divide 8645294?
False
Does 5092 divide 206877776?
True
Is 155 a factor of 12464152?
False
Is 39499680 a multiple of 22?
True
Is 50 a factor of 50737950?
True
Is 639 a factor of 225726113?
False
Does 46 divide 11027655?
False
Does 20 divide 282699141?
False
Is 1850479 a multiple of 155?
False
Does 1753 divide 399248503?
False
Does 55 divide 347990390?
True
Does 7 divide 1396780707?
True
Is 264080064 a multiple of 64?
True
Is 102552612 a multiple of 67?
True
Is 85 a factor of 2662626?
False
Is 7 a factor of 615415822?
True
Is 2915390538 a multiple of 349?
False
Is 60426288 a multiple of 72?
True
Is 1391116762 a multiple of 1022?
True
Is 22 a factor of 28822948?
True
Is 20 a factor of 1796322700?
True
Does 175 divide 